
What is the remainder when 645 is divided by 63?
15
What is the remainder when 86750 is divided by 292?
26
What is the remainder when 243627 is divided by 113?
112
Calculate the remainder when 1680576 is divided by 2531.
2523
Calculate the remainder when 4719 is divided by 493.
282
Calculate the remainder when 20139 is divided by 3309.
285
What is the remainder when 228243 is divided by 3170?
3
Calculate the remainder when 5006 is divided by 63.
29
Calculate the remainder when 6605 is divided by 610.
505
What is the remainder when 287 is divided by 276?
11
Calculate the remainder when 10321 is divided by 93.
91
What is the remainder when 4193 is divided by 4080?
113
Calculate the remainder when 496 is divided by 31.
0
What is the remainder when 129297 is divided by 670?
657
Calculate the remainder when 28439 is divided by 527.
508
What is the remainder when 28710 is divided by 611?
604
What is the remainder when 22036 is divided by 2002?
14
Calculate the remainder when 5959 is divided by 752.
695
What is the remainder when 4640 is divided by 33?
20
Calculate the remainder when 904708 is divided by 8.
4
What is the remainder when 54585 is divided by 7794?
27
What is the remainder when 46199 is divided by 47?
45
What is the remainder when 32336 is divided by 70?
66
What is the remainder when 227655 is divided by 143?
142
Calculate the remainder when 3296 is divided by 1646.
4
Calculate the remainder when 34255 is divided by 339.
16
Calculate the remainder when 1279 is divided by 637.
5
Calculate the remainder when 2806 is divided by 40.
6
What is the remainder when 5460 is divided by 388?
28
Calculate the remainder when 114032 is divided by 38010.
2
What is the remainder when 35756 is divided by 17874?
8
What is the remainder when 97247 is divided by 32400?
47
Calculate the remainder when 510 is divided by 187.
136
Calculate the remainder when 1813 is divided by 278.
145
Calculate the remainder when 2221197 is divided by 277649.
5
Calculate the remainder when 3394930 is divided by 848730.
10
What is the remainder when 141799 is divided by 240?
199
What is the remainder when 310 is divided by 9?
4
Calculate the remainder when 6824 is divided by 330.
224
What is the remainder when 17869 is divided by 4316?
605
Calculate the remainder when 16582 is divided by 3293.
117
Calculate the remainder when 2604 is divided by 48.
12
Calculate the remainder when 424 is divided by 55.
39
What is the remainder when 116280 is divided by 5?
0
Calculate the remainder when 141389 is divided by 89.
57
What is the remainder when 1000 is divided by 154?
76
What is the remainder when 18941 is divided by 1090?
411
What is the remainder when 10715 is divided by 1318?
171
Calculate the remainder when 3199 is divided by 1066.
1
What is the remainder when 332163 is divided by 23?
20
Calculate the remainder when 5275 is divided by 128.
27
What is the remainder when 5813 is divided by 103?
45
Calculate the remainder when 12712 is divided by 1174.
972
Calculate the remainder when 30497 is divided by 47.
41
Calculate the remainder when 5888 is divided by 84.
8
What is the remainder when 38864 is divided by 4857?
8
What is the remainder when 2362 is divided by 811?
740
Calculate the remainder when 16758 is divided by 89.
26
What is the remainder when 3518 is divided by 8?
6
What is the remainder when 491 is divided by 127?
110
Calculate the remainder when 2986 is divided by 319.
115
What is the remainder when 103351 is divided by 399?
10
What is the remainder when 6352 is divided by 1545?
172
Calculate the remainder when 62077 is divided by 2299.
4
What is the remainder when 191200 is divided by 171?
22
What is the remainder when 12386 is divided by 155?
141
What is the remainder when 57084 is divided by 146?
144
What is the remainder when 320802 is divided by 4788?
6
Calculate the remainder when 45411 is divided by 22705.
1
Calculate the remainder when 66768 is divided by 99.
42
What is the remainder when 3182 is divided by 1014?
140
Calculate the remainder when 492 is divided by 385.
107
What is the remainder when 15825 is divided by 109?
20
What is the remainder when 7735 is divided by 455?
0
What is the remainder when 22025 is divided by 1045?
80
What is the remainder when 344048 is divided by 1509?
1505
What is the remainder when 2093 is divided by 147?
35
Calculate the remainder when 8311 is divided by 126.
121
What is the remainder when 188482 is divided by 94240?
2
What is the remainder when 13371 is divided by 1744?
1163
Calculate the remainder when 819 is divided by 415.
404
What is the remainder when 2922 is divided by 418?
414
Calculate the remainder when 123906 is divided by 87.
18
What is the remainder when 40559 is divided by 40546?
13
What is the remainder when 2777 is divided by 121?
115
What is the remainder when 2670261 is divided by 13?
9
What is the remainder when 62136 is divided by 28?
4
What is the remainder when 6174 is divided by 22?
14
What is the remainder when 6788 is divided by 131?
107
What is the remainder when 89574 is divided by 1298?
12
What is the remainder when 46126 is divided by 236?
106
What is the remainder when 297702 is divided by 187?
185
What is the remainder when 5372 is divided by 93?
71
What is the remainder when 389487 is divided by 39?
33
Calculate the remainder when 22002 is divided by 4399.
7
Calculate the remainder when 54928 is divided by 18309.
1
Calculate the remainder when 18033 is divided by 5956.
165
What is the remainder when 1607863 is divided by 3597?
4
Calculate the remainder when 5294 is divided by 1057.
9
What is the remainder when 28186 is divided by 212?
202
What is the remainder when 4903 is divided by 94?
15
What is the remainder when 651 is divided by 87?
42
What is the remainder when 7849 is divided by 696?
193
Calculate the remainder when 31887 is divided by 1685.
1557
What is the remainder when 40125 is divided by 132?
129
What is the remainder when 1429980 is divided by 178746?
12
What is the remainder when 391296 is divided by 455?
451
What is the remainder when 3511 is divided by 142?
103
What is the remainder when 196 is divided by 103?
93
What is the remainder when 66017 is divided by 50?
17
Calculate the remainder when 550348 is divided by 13.
6
Calculate the remainder when 7135 is divided by 3548.
39
Calculate the remainder when 77345 is divided by 4.
1
Calculate the remainder when 2661 is divided by 11.
10
What is the remainder when 1629 is divided by 204?
201
Calculate the remainder when 1314776 is divided by 94.
92
Calculate the remainder when 10258 is divided by 410.
8
Calculate the remainder when 2035717 is divided by 18.
7
What is the remainder when 263589 is divided by 8?
5
Calculate the remainder when 87958 is divided by 1312.
54
What is the remainder when 174610 is divided by 174599?
11
What is the remainder when 33282 is divided by 33251?
31
What is the remainder when 3938 is divided by 1965?
8
What is the remainder when 25740 is divided by 122?
120
Calculate the remainder when 12399 is divided by 53.
50
What is the remainder when 22624 is divided by 20?
4
Calculate the remainder when 14702 is divided by 6776.
1150
What is the remainder when 2118 is divided by 11?
6
Calculate the remainder when 1837 is divided by 157.
110
Calculate the remainder when 673015 is divided by 84125.
15
What is the remainder when 37409 is divided by 37366?
43
Calculate the remainder when 5282 is divided by 1676.
254
What is the remainder when 723798 is divided by 200?
198
What is the remainder when 6043 is divided by 587?
173
Calculate the remainder when 9087 is divided by 168.
15
Calculate the remainder when 2876 is divided by 862.
290
What is the remainder when 21668 is divided by 16?
4
Calculate the remainder when 390 is divided by 198.
192
What is the remainder when 6641 is divided by 75?
41
Calculate the remainder when 1944 is divided by 291.
198
What is the remainder when 4810 is divided by 70?
50
Calculate the remainder when 254773 is divided by 626.
617
Calculate the remainder when 8944 is divided by 71.
69
What is the remainder when 109368 is divided by 44?
28
Calculate the remainder when 5302 is divided by 148.
122
What is the remainder when 105985 is divided by 55?
0
What is the remainder when 89